t is the greatest common factor of z and 22?
2
Suppose -3*i + 12 = 0, -c + 5*i = -2*c + 23. Suppose 0 = -z - c*z - 5*h + 25, -12 = 4*h. Calculate the highest common divisor of 4 and z.
2
Let k(w) = -w - 5. Let u be k(-8). Suppose 4*i + v - 10 = 0, -i + 2*v - 2 + 9 = 0. Calculate the greatest common factor of i and u.
3
Let b = -1 + 9. Let r be (-6 + 1)/((-2)/b). Calculate the greatest common factor of 30 and r.
10
Let h be 6/(-3) + (2 - -21). Let l be (-1)/(-4) - (-81)/12. Calculate the greatest common divisor of h and l.
7
Let w be (-10)/15 - 2/6. Let y(f) = 2*f - 2*f - 11*f. Let u be y(w). What is the highest common factor of u and 11?
11
Let o(k) = -4*k + 3. Let c(i) = i. Let y(u) = 5*c(u) - o(u). Let b be y(2). Calculate the greatest common divisor of b and 6.
3
Let d be 4/(-2)*4/(-4). Let k be 20/8 - d/4. Suppose 4*t + 2 = -k, -3*t = -4*r + 27. What is the highest common divisor of 3 and r?
3
Let x(r) = r**2 + 5*r + 4. Let i be x(-5). Let y be 7/(3 - 10/i). Calculate the greatest common divisor of y and 112.
14
Let q(u) = -u**3 - u - 1. Let s be q(0). Let f be 485/10 + s/2. Calculate the highest common factor of 16 and f.
16
Let k(b) = 2*b + 5. Let t be k(-5). Let x be (t/(-2))/(2/28). What is the greatest common divisor of x and 14?
7
Let m(v) = v - 19. Let k be m(22). Suppose i - 3*i + 54 = 0. Calculate the highest common divisor of i and k.
3
Suppose 57 = 2*c + c. Let h be (7 - -1 - 4) + 91. What is the highest common divisor of h and c?
19
Let v be 2/4*(6 - 2). Suppose 3 = v*m - m. Calculate the highest common factor of 24 and m.
3
Let u = 18 + -3. What is the highest common divisor of u and 60?
15
Suppose 3*h = 14 + 49. Let j = -12 + h. Let b(f) = -f**2 - 9*f - 9. Let p be b(-6). Calculate the highest common factor of p and j.
9
Let r be 11 - 5/(-25)*-5. Calculate the greatest common divisor of 40 and r.
10
Let d be (120/12)/(4/6). Let f be (-5)/(-2)*(-22)/(-11). Calculate the highest common factor of f and d.
5
Let l = 3 + -3. Suppose 5*q + 3*z - 24 = l, 5*z + 1 - 3 = -2*q. Suppose -q*u + u - k = -95, -3*k + 69 = 3*u. Calculate the highest common factor of u and 6.
6
Let p = -6 + -1. Let l(m) = m**3 + 8*m**2 + 6*m + 3. Let z be l(p). Let u = -8 + 12. What is the highest common factor of z and u?
2
Let o = 47 + -7. Suppose u - o = -4*u. Calculate the greatest common factor of 40 and u.
8
Let f be (603 + -15)*(-2)/(-4). What is the greatest common factor of 42 and f?
42
Suppose 11*m = 9*m + 144. Calculate the highest common factor of 48 and m.
24
Let o be 5/30 + 375/18. Let a = -5 + o. Calculate the greatest common divisor of a and 48.
16
Let w(a) be the third derivative of 11*a**5/15 + a**3/6 - 2*a**2. Let i be w(-1). What is the greatest common factor of i and 15?
15
Let d be 4/14 + 0 + 2534/49. Calculate the greatest common factor of 130 and d.
26
Let c(u) = 0*u + 4*u - 2*u - 3*u + 4. Let d be c(-3). Let m = 47 + 9. Calculate the greatest common factor of d and m.
7
Let u(b) = b**3 - 4*b**2 - 4*b - 1. Let l be u(5). Let p be l + 27 + 2/1. What is the highest common divisor of p and 3?
3
Let n(u) = 3*u + 2. Let y be n(1). Let k(g) = g**2 - 4*g + 6. Let b be k(y). Calculate the highest common factor of 1 and b.
1
Let k be -87 + (-1 - -1) + -2. Let v = 163 + k. Let u = -51 + v. Calculate the greatest common factor of u and 23.
23
Let l(m) = -m + 6. Let f be l(6). Suppose k + k - 10 = f. Suppose -r + 8 = -0*t + 4*t, -16 = -k*r + 4*t. What is the greatest common factor of r and 4?
4
Let n(l) = l**3 - l**2 - 12. Let g be n(0). Let r = -7 - g. Calculate the greatest common divisor of r and 40.
5
Suppose -79 = 2*p - 499. What is the greatest common divisor of p and 30?
30
Let v(i) = -91*i**3 + i**2 - 1. Let l be v(-1). Suppose 0*x = a + 2*x - 14, 3*x - l = -5*a. Calculate the greatest common factor of 160 and a.
20
Let b be 84/35*(-50)/(-4). Let o be 2 + 0/(-3) + -4. Let g be (o - -2)/1 - -6. What is the greatest common divisor of g and b?
6
Let p(m) = m**2 + 8*m + 28. Let n be p(-4). Calculate the greatest common divisor of 48 and n.
12
Let c(l) = l**2 + l + 38. Let i be c(0). Let y(v) = -v**2 - 33*v - 52. Let o be y(-28). Suppose -3*d = -i - o. Calculate the highest common factor of 14 and d.
14
Suppose 0 = 4*o - 7*o. Suppose -2*i + 91 + 21 = o. What is the highest common factor of 8 and i?
8
Let r = 4 + 36. Calculate the highest common factor of 16 and r.
8
Let v be 1/(-1 + 60/56). What is the highest common factor of 56 and v?
14
Let p(v) = 21*v - 3. Let k be p(3). Suppose 5*x - 75 = -4*h, h = 4*x + 3*h - k. Calculate the highest common divisor of x and 10.
5
Let d = 1 + -17. Let m be (-2)/(3 - d/(-5)). What is the greatest common factor of m and 4?
2
Let r be (-93)/6*-2 + -3. What is the greatest common divisor of 7 and r?
7
Let r be 43 - (4 - 19)/5. Let y = 17 - 1. Suppose -2*k - y = -62. Calculate the highest common factor of k and r.
23
Let w = -98 - -119. What is the greatest common divisor of 231 and w?
21
Suppose 3*q = -2*i + 32, -4*i - 24 = -q - 2*i. Calculate the greatest common divisor of 35 and q.
7
Let m = -2 - -6. Let f be (2/2)/((-2)/168*-3). Calculate the highest common factor of f and m.
4
Suppose 0 = -2*o - 8 - 0. Let p be 1/o + 20/16. What is the greatest common factor of 1 and p?
1
Suppose n = 2*n. Suppose -5*t + 3*j - 7 = n, -t + 0*j + 9 = 2*j. Let a = 8 + t. What is the highest common divisor of 9 and a?
9
Let f(t) = -3*t - 26. Let g be f(-18). What is the highest common factor of 42 and g?
14
Let a be (-2452)/(-18) - 26/117. Calculate the highest common divisor of a and 17.
17
Suppose -4*g = s - 924, -10*s - 231 = -g - 5*s. Calculate the greatest common divisor of g and 21.
21
Let o = -94 + 98. Suppose v - 5*d = -4*d + 47, 55 = v - 3*d. Suppose v + 85 = 4*y. What is the highest common factor of y and o?
4
Let b be (-3)/(-18) - (-119)/6. Calculate the highest common divisor of 20 and b.
20
Let b = 39 - 24. Calculate the highest common divisor of 135 and b.
15
Let y(j) = -2*j + 20. Let r be y(9). Suppose 0 = z + r*z - 12. What is the highest common divisor of 1 and z?
1
Let s(w) = -6*w - 2. Let c be s(-8). Calculate the greatest common factor of 2 and c.
2
Let p(z) = 2*z**2 - 3*z + 1. Let s be p(2). Suppose s*l = 18 - 3. What is the greatest common divisor of 35 and l?
5
Suppose 0*y - 264 = -4*y. Calculate the highest common factor of 6 and y.
6
Suppose -3*d - 8 = d. Let n = d + 3. Let i be n - 10*3/(-6). What is the greatest common factor of i and 1?
1
Suppose 8*p - 33 = 5*p. What is the greatest common divisor of p and 55?
11
Let u = 5 - 5. Suppose -2*b + 9 + 1 = u. Suppose 2*j + b*d = -2*j + 49, -4*j - d = -45. Calculate the greatest common divisor of j and 1.
1
Suppose -3*l - 4 + 105 = 4*w, 2*l + 4*w = 74. What is the greatest common divisor of l and 9?
9
Let t(d) = -d**3 + 8*d**2 - d - 2. Let j = -16 + 23. Let m be t(j). Calculate the greatest common factor of m and 10.
10
Let g(s) = 1 + 2*s - 5*s + s. Let p be g(-2). Calculate the highest common factor of 5 and p.
5
Suppose -55*z - 32 = -56*z. Let k be (-2)/5 - 44/(-10). Calculate the highest common factor of z and k.
4
Let k(u) = u**2 - 10*u - 5. Let c be k(11). What is the greatest common divisor of c and 15?
3
Let m = 35 + -21. Calculate the greatest common divisor of m and 56.
14
Let g(l) = 7*l - 14. Let j be g(4). Let c(m) = 24*m - 7. Let x be c(-6). Let y be 3 - x - 0/(-2). What is the highest common divisor of y and j?
14
Let v(y) = 25*y**2 + 2*y. Let w be v(2). Let m(s) = s**3 + 4*s**2 + 5. Let g be m(-4). Let a be g/(10/4) - -11. What is the highest common factor of w and a?
13
Let z = -25 + 2. Let i = 34 + z. Suppose 3*a + y = -2*a + 442, 6 = 3*y. What is the greatest common factor of i and a?
11
Let u(j) = j**3 - 4*j**2 + j - 4. Let m be u(4). Suppose -4*y - 2*o + 50 = 0, m = 2*y - o + 4*o - 15. Calculate the greatest common divisor of 75 and y.
15
Suppose 0 = -2*v + 8 - 2. What is the greatest common factor of v and 15?
3
Let l = -7 - -10. Suppose 0 = u - l*u - 16. Let r be (0 - u)*(19 - 2). What is the highest common factor of r and 17?
17
Let k(h) = 49*h - 1. Let o be (-1)/2*(-1 - 1). Let x be k(o). Calculate the greatest common factor of 6 and x.
6
Let y be 40 - ((-32)/14 - (-4)/14). Calculate the highest common divisor of 28 and y.
14
Let 